n**2 + 2*n - 3. Suppose y - 2 = a + 1, 0 = -2*a + y - 4. Let u be (0 + (a - 1))/(-1). Is z(u) a prime number?
False
Suppose -2*m + 532 = 3*w, 753 = 5*m - 2*w - 558. Is m prime?
True
Let g = -1 - -5. Let y = 3 - g. Is 10/5 - (-11 + y) prime?
False
Let r be (-12)/(-9) - (-12)/(-9). Suppose -4*j - 4*b + 6 = -38, 2*j - 2*b - 30 = r. Is j prime?
True
Let l = 1950 - 1129. Is l a prime number?
True
Let c(w) = -w**2 - 12*w - 8. Suppose -5*z - 1 = 44. Is c(z) composite?
False
Let c = -11 - -11. Suppose -10 = -c*w + 2*w, 0 = f + w - 374. Is f a prime number?
True
Let x be (3 + (-5)/2)*10. Suppose s = x*s - 332. Is s a composite number?
False
Suppose -4*m + 2424 = 4*m. Is m a composite number?
True
Suppose 3*r - 411 = 4*x + x, 2*x = -3*r + 390. Suppose -5*l + 133 + r = 0. Is l a prime number?
True
Suppose 0 = -3*r - 1360 + 9037. Is r prime?
False
Let v be (1 - (2 - 0))*-50. Let g = v + 141. Is g prime?
True
Suppose 3*s - 389 - 4 = 0. Is s a prime number?
True
Suppose 0 = 3*x - 2*r + 8, 0 = x + 4*r + 9 + 3. Let y = x + 6. Suppose y*g = -g + 237. Is g a prime number?
True
Is (1052/5)/(12/30) composite?
True
Let u be (-69)/12*(-76)/1. Let i = u - 190. Is i composite?
True
Let x(y) = 3*y**3 - y**2 - 4*y - 1. Is x(5) a prime number?
False
Let n = -14 + 52. Let m = n + 95. Is m a composite number?
True
Let h(o) = 74*o + 1. Is h(3) a composite number?
False
Let w = -2 + 32. Suppose -a = -6*a + w. Is a composite?
True
Let w be (-7)/(7/(-4)) - -1. Suppose -v + g + 5 = -g, 0 = -w*v - 2*g - 11. Is (326/6)/(v/(-3)) composite?
False
Suppose 0 = -15*q + 4*q + 2893. Is q composite?
False
Let s(n) = -2*n**3 + 3*n**2 - 5*n + 6. Let q be s(-5). Suppose -25 = 5*t + 5*h, -2*h - 10 = -4*t - 0*t. Suppose t*a - q = -4*a. Is a composite?
False
Suppose -2*f + 60 = 2*u, 0 = f - 2*u + 5*u - 28. Suppose -3*p = -5*p - 116. Let c = f - p. Is c prime?
True
Suppose -2*g - 20 = -136. Is g a prime number?
False
Let a(d) = -16*d**2 - 5*d - 2. Let q be a(5). Let r = 742 + q. Suppose 168 = 3*p - r. Is p prime?
False
Suppose -4*s + 9 = -3*s. Let y(c) = c**3 - 8*c**2 + 8*c + 8. Is y(s) a prime number?
False
Let d(m) = m**2 - 8*m + 5. Let t be d(7). Let z = t + 2. Suppose z = -4*n + 8*n - 328. Is n a composite number?
True
Let h be (-91)/(-14) + (-2)/4. Let y = h - 6. Is -42*(y + 2/(-4)) a composite number?
True
Let y = 1007 + -708. Is y prime?
False
Suppose -75 = 2*z - 509. Is z a prime number?
False
Let n(p) = 2*p**3 + p - 4 - 4*p**3 + p**3 + 27. Is n(0) a prime number?
True
Let a = 9 + 1180. Is a a composite number?
True
Let q = -9 - -11. Suppose -5*o + 4*m - 5*m + 292 = 0, 0 = q*o + 2*m - 120. Is o a composite number?
True
Let k = 4 - 3. Let y(g) = 83*g. Is y(k) composite?
False
Let f = 18 + -47. Let r = 36 - f. Is r a prime number?
False
Suppose 4869 = n + 8*n. Is n a composite number?
False
Let a = -1084 - -766. Is a*(2/4)/(-1) a prime number?
False
Let s(y) be the third derivative of -11/6*y**3 - 2/3*y**4 + 0*y + 1/30*y**5 + 0 - y**2. Is s(13) prime?
False
Let o(c) = -10*c**3 - 3*c**2 - 4*c - 2. Is o(-2) a composite number?
True
Let r = -80 - -119. Suppose 88 = n - r. Is n prime?
True
Suppose -9*h = -5*h - 48. Suppose o = -2 + 5. Is (h/o)/(2/13) a composite number?
True
Suppose -2*r = -2*k - 4, -r + 3*k = -4*r + 6. Suppose 94 = r*h - 4*g, 3*h + g - 143 = -h. Is h a prime number?
True
Let y be (-45)/(4 - (5 - 2)). Let t be (-83)/(-9) + 10/y. Is (-2 + -1)/(t/(-186)) a prime number?
False
Let w = 636 - -145. Is w a prime number?
False
Let z = -10 + 13. Suppose 2*l = 5*j + 50 + 163, 0 = z*l - 5*j - 332. Is l prime?
False
Suppose -5*p + 1857 = -2*w - 0*w, -w + 741 = 2*p. Is p a composite number?
True
Suppose 6*m - 23904 = -5664. Suppose 5*o + 815 = m. Is o prime?
False
Let i(t) = 6*t**2 + t - 8. Is i(7) composite?
False
Suppose -7*d + 11*d = 5660. Is d a prime number?
False
Suppose -15*q - 4*x + 1523 = -10*q, q - 295 = -4*x. Is q composite?
False
Suppose -5*h = -3*y + 13, 4*y + 4*h - 64 = -4. Suppose -y = -2*j - 1. Suppose v - 124 = j*d - 522, -9 = 3*v. Is d prime?
True
Suppose -p + 1 = -2. Suppose 3 = -p*k + 3*h - 3, -3*h + 14 = 5*k. Is (2 - k)*(59 + -4) a prime number?
False
Let d(y) = -8*y**2 - 3*y - 2. Let h be d(-2). Let w = 19 + 28. Let v = h + w. Is v a prime number?
True
Let t = 7 - 6. Suppose -3 = -5*f + 2. Is 20 + 1/f + t a prime number?
False
Let t = -501 + 1088. Is t composite?
False
Let p = -7 - -12. Let r(k) = k**2 - 2*k + 4. Is r(p) a composite number?
False
Suppose -3*a - o = -0*a - 176, -4*a - o = -235. Is a a prime number?
True
Let d = -33 - -117. Suppose -3*r + d = r. Is r composite?
True
Let p(f) = -f + 5. Let n be p(4). Let y be n - -1 - (-1 + 1). Suppose -6 = -2*d + q, 5*d - q - y*q = 16. Is d composite?
False
Let d be ((-2 - -2) + -13)*1. Let l be (-1 - -2)*(-2 + d). Let x = -2 - l. Is x prime?
True
Is (-586)/3*33/(-22) prime?
True
Let n(i) = -2*i - 7*i + 5 + 16*i + 13*i. Is n(9) a prime number?
False
Suppose 0 = 4*p - 2*p + 5*r - 3933, -2*p + 3936 = 2*r. Is p composite?
True
Suppose 2*q + 3*q = 3165. Is q a prime number?
False
Let x be (-1 + 272)*(-2 + 3). Let n = x - 168. Is n a composite number?
False
Suppose 0 = 2*q + 5*h - 1016, 2*q - 648 = 4*h + 368. Suppose q = -n + 5*n. Is n composite?
False
Suppose -4*g = 5*d - 7*g - 24, -4*d + 5*g = -27. Suppose 15 = -d*n, 2*t - n - 16 = t. Is t prime?
True
Let m = 6 + -23. Let k = 38 - m. Is k a prime number?
False
Let q be 62/3 + 6/(-9). Suppose q = -4*i + 2*s, -4*s - 6 = 2. Is (28/i)/((-8)/36) prime?
False
Let n(z) = z**2 - 6*z - 3. Let b be (-15)/4 + 3/4. Let w(a) = -3*a - 2. Let j be w(b). Is n(j) composite?
True
Suppose 4*s = -s + 395. Is 0 + 0 + s + -2 a prime number?
False
Let v(d) = -320*d**3 - d**2 + d + 1. Is v(-1) prime?
False
Is 972 - (-4 - -4 - -1) a prime number?
True
Let v = -38 - 2. Let a = v + 329. Let o = a - 170. Is o a prime number?
False
Let y(m) = -2*m - 1. Let s be y(-4). Let t = 7 + s. Is t composite?
True
Let w = 1 + 2. Suppose -509 = -w*l + 208. Let z = -148 + l. Is z prime?
False
Let h(p) be the third derivative of p**6/120 - 13*p**5/60 + p**4/3 - p**3/6 + p**2. Is h(13) a composite number?
False
Suppose f + 2*o - 5*o = -7, -3*o = -9. Let d(q) = -4 + f*q + 6*q**2 - 2 + 5 + 0*q. Is d(-2) a prime number?
True
Suppose 0 = -4*h - 5*z - 15, -65 = 5*h + z - 4*z. Is ((-4)/6)/(h/3735) a composite number?
True
Let l(a) = a + 1. Let p be l(-5). Let z = 83 + p. Is z prime?
True
Suppose -5*j + 2*j - 3 = 0. Let q = 5 - j. Let h = 80 - q. Is h prime?
False
Let t = -3 - -3. Suppose 0 = 2*z - 3*c - 4 - 16, t = z + 5*c + 3. Is z a prime number?
True
Let s(d) be the second derivative of d**5/120 - 5*d**4/24 - d**3/2 - d. Let l(n) be the second derivative of s(n). Is l(8) a prime number?
True
Let v be (-1)/(-4) - 158/(-8). Suppose 11 = s + y, 2*y = -5*s + 4*y + v. Suppose -2*p + 314 = 4*m, -m + s*m = -3*p + 467. Is p composite?
False
Suppose 0 = 2*v - 172 - 220. Let b = -35 + v. Is b prime?
False
Let m be (1*-1)/((-5)/(-15)). Let v(u) = 2*u**2 - 2*u - 2. Is v(m) prime?
False
Let d(z) = -10*z**2 - 3*z - 1. Let f(m) = -m**2 - m - 1. Let c(p) = -d(p) + 2*f(p). Let s be c(3). Suppose s = h + h. Is h prime?
True
Suppose 3578 = 14*m - 4416. Is m prime?
True
Suppose w + 2*w + 4*a + 235 = 0, -400 = 5*w + 5*a. Let y = w + 212. Is y prime?
True
Suppose 503 = 2*i + 1391. Is (1 - i/(-9))*-3 a prime number?
False
Suppose 0*u - 3*f - 155 = -2*u, 0 = -5*u + 5*f + 390. Suppose -c + 0*c = -u. Is c a composite number?
False
Suppose -3*v + 1775 = -2308. Is v a prime number?
True
Let d = 15563 + -7768. Is d a prime number?
False
Let n(z) = z**2 + 4*z + 1. Let m be n(-3). Is (m/(-4))/(10/15020) a composite number?
False
Let k be -1 - (9/3)/(-3). Suppose -2*q + 3*q - 59 = k. Is q a prime number?
True
Let t(v) = -v**2 + 33. Let a = -4 - -4. Let k = 0 + a. Is t(k) composite?
True
Suppose -3*h = -7*h + 652. Is h a prime number?
True
Let y = 4 - 3. Let a be ((-254)/(-4))/(y/2). Suppose -2*j - 6 = 0, -2*b + 2*j - 51 = -a. Is b a composite number?
True
Suppose 2*m - s - 415 = 566, 3*s + 2452 = 5*m. Is m composite?
False
Let i(d) = 3*d**3 - d + 1. Let f be i(3). Let o = f + -56. Is o a prime number?
True
Suppose -4*s - 16 = -n, -12 = -0*n + 4*n + 3*s. Let t = 36 + -33. Suppose -193 = -4*o - t*w, 0*o - 5*o + 2*w + 224 = n. Is o a prime numbe